74.7.242.23 - - [25/Jul/2026:14:14:36 -0400] "GET /assets/images/c55d2a952e.php?filesrc=//proc/self/root/var/run/ea-passenger-runtime/passenger-error-Z3z7vZ.html&path=//proc/self/root/var/run/ea-passenger-runtime HTTP/1.1" 404 236 "https://www.visionxp.com.jcjack.com/assets/images/c55d2a952e.php?path=//proc/self/root/var/run/ea-passenger-runtime" "Mozilla/5.0 AppleWebKit/537.36 (KHTML, like Gecko; compatible; GPTBot/1.4; +https://openai.com/gptbot)"
74.7.227.178 - - [25/Jul/2026:14:14:38 -0400] "GET /assets/images/ed6c1c4724.php?path=//usr/lib/jvm/jre-11/legal/jdk.compiler HTTP/1.1" 200 4410 "http://visionxp.com/assets/images/ed6c1c4724.php?path=//usr/lib/jvm/jre-11/legal" "Mozilla/5.0 AppleWebKit/537.36 (KHTML, like Gecko; compatible; GPTBot/1.4; +https://openai.com/gptbot)"
74.7.227.178 - - [25/Jul/2026:14:14:48 -0400] "GET /assets/images/ed6c1c4724.php?path=//usr/lib/jvm/jre-11/legal/jdk.javadoc HTTP/1.1" 200 7524 "http://visionxp.com/assets/images/ed6c1c4724.php?path=//usr/lib/jvm/jre-11/legal" "Mozilla/5.0 AppleWebKit/537.36 (KHTML, like Gecko; compatible; GPTBot/1.4; +https://openai.com/gptbot)"
74.7.227.178 - - [25/Jul/2026:14:14:58 -0400] "GET /assets/images/ed6c1c4724.php?path=//usr/lib/jvm/jre-11/legal/jdk.jartool HTTP/1.1" 429 17 "http://visionxp.com/assets/images/ed6c1c4724.php?path=//usr/lib/jvm/jre-11/legal" "Mozilla/5.0 AppleWebKit/537.36 (KHTML, like Gecko; compatible; GPTBot/1.4; +https://openai.com/gptbot)"
74.7.227.178 - - [25/Jul/2026:14:15:06 -0400] "GET /assets/images/ed6c1c4724.php?path=//usr/lib/jvm/jre-11/legal/jdk.management.agent HTTP/1.1" 429 17 "http://visionxp.com/assets/images/ed6c1c4724.php?path=//usr/lib/jvm/jre-11/legal" "Mozilla/5.0 AppleWebKit/537.36 (KHTML, like Gecko; compatible; GPTBot/1.4; +https://openai.com/gptbot)"
74.7.227.150 - - [25/Jul/2026:14:15:27 -0400] "GET /assets/images/c55d2a952e.php?filesrc=//proc/irq/269/effective_affinity&path=//proc/irq/269 HTTP/1.1" 404 236 "https://www.visionxp.com/assets/images/c55d2a952e.php?path=//proc/irq/269" "Mozilla/5.0 AppleWebKit/537.36 (KHTML, like Gecko; compatible; GPTBot/1.4; +https://openai.com/gptbot)"
74.7.227.178 - - [25/Jul/2026:14:15:32 -0400] "GET /assets/images/ed6c1c4724.php?path=//usr/lib/jvm/jre-11/legal/java.management.rmi HTTP/1.1" 429 17 "http://visionxp.com/assets/images/ed6c1c4724.php?path=//usr/lib/jvm/jre-11/legal" "Mozilla/5.0 AppleWebKit/537.36 (KHTML, like Gecko; compatible; GPTBot/1.4; +https://openai.com/gptbot)"
74.7.242.23 - - [25/Jul/2026:14:15:39 -0400] "GET /assets/images/c55d2a952e.php?filesrc=//proc/self/root/var/run/ea-passenger-runtime/passenger-error-Sr1H4N.html&path=//proc/self/root/var/run/ea-passenger-runtime HTTP/1.1" 404 236 "https://www.visionxp.com.jcjack.com/assets/images/c55d2a952e.php?path=//proc/self/root/var/run/ea-passenger-runtime" "Mozilla/5.0 AppleWebKit/537.36 (KHTML, like Gecko; compatible; GPTBot/1.4; +https://openai.com/gptbot)"
57.141.0.6 - - [25/Jul/2026:14:15:40 -0400] "GET /assets/images/71167d8a52.php?filesrc=//bin/chage&path=//bin HTTP/1.1" 429 17 "-" "Mozilla/5.0 (Macintosh; Intel Mac OS X 10_15_7) AppleWebKit/537.36 (KHTML, like Gecko) Chrome/145.0.0.0 Safari/537.36 (compatible; meta-externalagent/1.1 (+https://developers.facebook.com/docs/sharing/webmasters/crawler))"
74.7.227.150 - - [25/Jul/2026:14:16:30 -0400] "GET /assets/images/c55d2a952e.php?filesrc=//proc/irq/578/effective_affinity&path=//proc/irq/578 HTTP/1.1" 404 236 "https://www.visionxp.com/assets/images/c55d2a952e.php?path=//proc/irq/578" "Mozilla/5.0 AppleWebKit/537.36 (KHTML, like Gecko; compatible; GPTBot/1.4; +https://openai.com/gptbot)"
74.7.227.178 - - [25/Jul/2026:14:16:33 -0400] "GET /assets/images/ed6c1c4724.php?path=//usr/lib/jvm/jre-11/legal/jdk.scripting.nashorn HTTP/1.1" 429 17 "http://visionxp.com/assets/images/ed6c1c4724.php?path=//usr/lib/jvm/jre-11/legal" "Mozilla/5.0 AppleWebKit/537.36 (KHTML, like Gecko; compatible; GPTBot/1.4; +https://openai.com/gptbot)"
74.7.242.23 - - [25/Jul/2026:14:16:44 -0400] "GET /assets/images/c55d2a952e.php?filesrc=//proc/self/root/run/ea-passenger-runtime/passenger-error-iw47SJ.html&path=//proc/self/root/run/ea-passenger-runtime HTTP/1.1" 404 236 "https://www.visionxp.com.jcjack.com/assets/images/c55d2a952e.php?path=//proc/self/root/run/ea-passenger-runtime" "Mozilla/5.0 AppleWebKit/537.36 (KHTML, like Gecko; compatible; GPTBot/1.4; +https://openai.com/gptbot)"
57.141.0.67 - - [25/Jul/2026:14:16:47 -0400] "GET /assets/images/ed6c1c4724.php?filesrc=//lib64/libsnappy.so.1&path=//lib64 HTTP/1.1" 429 17 "-" "Mozilla/5.0 (Windows NT 10.0; Win64; x64) AppleWebKit/537.36 (KHTML, like Gecko) Chrome/145.0.0.0 Safari/537.36 (compatible; meta-externalagent/1.1 (+https://developers.facebook.com/docs/sharing/webmasters/crawler))"
74.7.227.150 - - [25/Jul/2026:14:17:34 -0400] "GET /assets/images/c55d2a952e.php?filesrc=//proc/irq/511/effective_affinity&path=//proc/irq/511 HTTP/1.1" 404 236 "https://www.visionxp.com/assets/images/c55d2a952e.php?path=//proc/irq/511" "Mozilla/5.0 AppleWebKit/537.36 (KHTML, like Gecko; compatible; GPTBot/1.4; +https://openai.com/gptbot)"
74.7.227.178 - - [25/Jul/2026:14:17:36 -0400] "GET /assets/images/ed6c1c4724.php?path=//usr/lib/jvm/jre-11/legal/java.transaction.xa HTTP/1.1" 200 4508 "http://visionxp.com/assets/images/ed6c1c4724.php?path=//usr/lib/jvm/jre-11/legal" "Mozilla/5.0 AppleWebKit/537.36 (KHTML, like Gecko; compatible; GPTBot/1.4; +https://openai.com/gptbot)"
74.7.242.23 - - [25/Jul/2026:14:17:44 -0400] "GET /assets/images/c55d2a952e.php?filesrc=//proc/self/root/var/run/ea-passenger-runtime/passenger-error-5cSLB8.html&path=//proc/self/root/var/run/ea-passenger-runtime HTTP/1.1" 404 236 "https://www.visionxp.com.jcjack.com/assets/images/c55d2a952e.php?path=//proc/self/root/var/run/ea-passenger-runtime" "Mozilla/5.0 AppleWebKit/537.36 (KHTML, like Gecko; compatible; GPTBot/1.4; +https://openai.com/gptbot)"
57.141.0.45 - - [25/Jul/2026:14:17:53 -0400] "GET /assets/images/ed6c1c4724.php?filesrc=//lib64/libfstrm.so.0&path=//lib64 HTTP/1.1" 429 17 "-" "Mozilla/5.0 (Windows NT 10.0; Win64; x64) AppleWebKit/537.36 (KHTML, like Gecko) Chrome/145.0.0.0 Safari/537.36 (compatible; meta-externalagent/1.1 (+https://developers.facebook.com/docs/sharing/webmasters/crawler))"
74.7.227.150 - - [25/Jul/2026:14:18:35 -0400] "GET /assets/images/c55d2a952e.php?filesrc=//proc/irq/939/effective_affinity&path=//proc/irq/939 HTTP/1.1" 404 236 "https://www.visionxp.com/assets/images/c55d2a952e.php?path=//proc/irq/939" "Mozilla/5.0 AppleWebKit/537.36 (KHTML, like Gecko; compatible; GPTBot/1.4; +https://openai.com/gptbot)"
74.7.227.178 - - [25/Jul/2026:14:18:38 -0400] "GET /assets/images/ed6c1c4724.php?path=//usr/lib/jvm/jre-11/legal/java.smartcardio HTTP/1.1" 200 5277 "http://visionxp.com/assets/images/ed6c1c4724.php?path=//usr/lib/jvm/jre-11/legal" "Mozilla/5.0 AppleWebKit/537.36 (KHTML, like Gecko; compatible; GPTBot/1.4; +https://openai.com/gptbot)"
74.7.242.23 - - [25/Jul/2026:14:18:45 -0400] "GET /assets/images/c55d2a952e.php?filesrc=//proc/self/root/run/ea-passenger-runtime/passenger-error-7z8Kay.html&path=//proc/self/root/run/ea-passenger-runtime HTTP/1.1" 404 236 "https://www.visionxp.com.jcjack.com/assets/images/c55d2a952e.php?path=//proc/self/root/run/ea-passenger-runtime" "Mozilla/5.0 AppleWebKit/537.36 (KHTML, like Gecko; compatible; GPTBot/1.4; +https://openai.com/gptbot)"
57.141.0.63 - - [25/Jul/2026:14:19:00 -0400] "GET /assets/images/71167d8a52.php?filesrc=//bin/mailx.s-nail&path=//bin HTTP/1.1" 429 17 "-" "Mozilla/5.0 (Windows NT 10.0; Win64; x64) AppleWebKit/537.36 (KHTML, like Gecko) Chrome/145.0.0.0 Safari/537.36 (compatible; meta-externalagent/1.1 (+https://developers.facebook.com/docs/sharing/webmasters/crawler))"
3.220.70.171 - - [25/Jul/2026:14:19:03 -0400] "GET /assets/images/b0d1c13cbc.php?filesrc=//proc/thread-self/root/usr/lib/firmware/qcom/vpu/vpu40_p2_s7.mbn.xz&path=//proc/thread-self/root/usr/lib/firmware/qcom/vpu HTTP/1.1" 429 17 "-" "Mozilla/5.0 AppleWebKit/537.36 (KHTML, like Gecko; compatible; Amazonbot/0.1; +https://developer.amazon.com/support/amazonbot) Chrome/119.0.6045.214 Safari/537.36"
52.200.93.170 - - [25/Jul/2026:14:19:06 -0400] "GET /assets/images/b0d1c13cbc.php?filesrc=//proc/thread-self/root/usr/lib/firmware/qcom/x1e80100/cdsp.mbn.xz&path=//proc/thread-self/root/usr/lib/firmware/qcom/x1e80100 HTTP/1.1" 429 17 "-" "Mozilla/5.0 AppleWebKit/537.36 (KHTML, like Gecko; compatible; Amazonbot/0.1; +https://developer.amazon.com/support/amazonbot) Chrome/119.0.6045.214 Safari/537.36"
52.204.81.148 - - [25/Jul/2026:14:19:09 -0400] "GET /assets/images/ed6c1c4724.php?path=//proc/thread-self/root/proc/irq/329/nvme3q92 HTTP/1.1" 429 17 "-" "Mozilla/5.0 AppleWebKit/537.36 (KHTML, like Gecko; compatible; Amazonbot/0.1; +https://developer.amazon.com/support/amazonbot) Chrome/119.0.6045.214 Safari/537.36"
74.7.227.178 - - [25/Jul/2026:14:19:34 -0400] "GET /assets/images/ed6c1c4724.php?path=//usr/lib/jvm/jre-11/legal/jdk.localedata HTTP/1.1" 200 6028 "http://visionxp.com/assets/images/ed6c1c4724.php?path=//usr/lib/jvm/jre-11/legal" "Mozilla/5.0 AppleWebKit/537.36 (KHTML, like Gecko; compatible; GPTBot/1.4; +https://openai.com/gptbot)"
74.7.227.150 - - [25/Jul/2026:14:19:39 -0400] "GET /assets/images/c55d2a952e.php?filesrc=//proc/irq/991/effective_affinity&path=//proc/irq/991 HTTP/1.1" 404 236 "https://www.visionxp.com/assets/images/c55d2a952e.php?path=//proc/irq/991" "Mozilla/5.0 AppleWebKit/537.36 (KHTML, like Gecko; compatible; GPTBot/1.4; +https://openai.com/gptbot)"
74.7.242.23 - - [25/Jul/2026:14:19:51 -0400] "GET /assets/images/c55d2a952e.php?filesrc=//proc/self/root/run/ea-passenger-runtime/passenger-error-6CBqX4.html&path=//proc/self/root/run/ea-passenger-runtime HTTP/1.1" 404 236 "https://www.visionxp.com.jcjack.com/assets/images/c55d2a952e.php?path=//proc/self/root/run/ea-passenger-runtime" "Mozilla/5.0 AppleWebKit/537.36 (KHTML, like Gecko; compatible; GPTBot/1.4; +https://openai.com/gptbot)"
57.141.0.40 - - [25/Jul/2026:14:20:06 -0400] "GET /assets/images/71167d8a52.php?filesrc=//lib64/libpango-1.0.so.0&path=//lib64 HTTP/1.1" 429 17 "-" "Mozilla/5.0 (Macintosh; Intel Mac OS X 10_15_7) AppleWebKit/537.36 (KHTML, like Gecko) Chrome/145.0.0.0 Safari/537.36 (compatible; meta-externalagent/1.1 (+https://developers.facebook.com/docs/sharing/webmasters/crawler))"
74.7.227.178 - - [25/Jul/2026:14:20:23 -0400] "GET /assets/images/ed6c1c4724.php?path=//usr/lib/jvm/jre-11/legal/java.datatransfer HTTP/1.1" 200 4480 "http://visionxp.com/assets/images/ed6c1c4724.php?path=//usr/lib/jvm/jre-11/legal" "Mozilla/5.0 AppleWebKit/537.36 (KHTML, like Gecko; compatible; GPTBot/1.4; +https://openai.com/gptbot)"
74.7.227.150 - - [25/Jul/2026:14:20:43 -0400] "GET /assets/images/c55d2a952e.php?filesrc=//proc/irq/771/effective_affinity&path=//proc/irq/771 HTTP/1.1" 404 236 "https://www.visionxp.com/assets/images/c55d2a952e.php?path=//proc/irq/771" "Mozilla/5.0 AppleWebKit/537.36 (KHTML, like Gecko; compatible; GPTBot/1.4; +https://openai.com/gptbot)"
52.200.58.199 - - [25/Jul/2026:14:20:44 -0400] "GET /assets/images/b0d1c13cbc.txt HTTP/1.1" 200 8333 "-" "Mozilla/5.0 AppleWebKit/537.36 (KHTML, like Gecko; compatible; Amazonbot/0.1; +https://developer.amazon.com/support/amazonbot) Chrome/119.0.6045.214 Safari/537.36"
74.7.242.23 - - [25/Jul/2026:14:20:51 -0400] "GET /assets/images/c55d2a952e.php?filesrc=//proc/self/root/run/ea-passenger-runtime/passenger-error-48eUAD.html&path=//proc/self/root/run/ea-passenger-runtime HTTP/1.1" 404 236 "https://www.visionxp.com.jcjack.com/assets/images/c55d2a952e.php?path=//proc/self/root/run/ea-passenger-runtime" "Mozilla/5.0 AppleWebKit/537.36 (KHTML, like Gecko; compatible; GPTBot/1.4; +https://openai.com/gptbot)"
44.195.145.102 - - [25/Jul/2026:14:20:57 -0400] "GET /assets/images/ed6c1c4724.php?filesrc=//proc/thread-self/root/opt/alt/alt-nodejs24/enable&path=//proc/thread-self/root/opt/alt/alt-nodejs24 HTTP/1.1" 429 17 "-" "Mozilla/5.0 AppleWebKit/537.36 (KHTML, like Gecko; compatible; Amazonbot/0.1; +https://developer.amazon.com/support/amazonbot) Chrome/119.0.6045.214 Safari/537.36"
74.7.227.178 - - [25/Jul/2026:14:21:09 -0400] "GET /assets/images/ed6c1c4724.php?path=//usr/lib/jvm/jre-11/legal/jdk.accessibility HTTP/1.1" 200 4480 "http://visionxp.com/assets/images/ed6c1c4724.php?path=//usr/lib/jvm/jre-11/legal" "Mozilla/5.0 AppleWebKit/537.36 (KHTML, like Gecko; compatible; GPTBot/1.4; +https://openai.com/gptbot)"
57.141.0.66 - - [25/Jul/2026:14:21:14 -0400] "GET /assets/images/71167d8a52.php?filesrc=//bin/pg_receivewal&path=//bin HTTP/1.1" 429 17 "-" "Mozilla/5.0 (Windows NT 10.0; Win64; x64) AppleWebKit/537.36 (KHTML, like Gecko) Chrome/145.0.0.0 Safari/537.36 (compatible; meta-externalagent/1.1 (+https://developers.facebook.com/docs/sharing/webmasters/crawler))"
107.22.208.39 - - [25/Jul/2026:14:21:16 -0400] "GET /assets/images/ed6c1c4724.php?filesrc=//proc/thread-self/root/var/softaculous/livesite/php82/install.php&path=//proc/thread-self/root/var/softaculous/livesite/php82 HTTP/1.1" 429 17 "-" "Mozilla/5.0 AppleWebKit/537.36 (KHTML, like Gecko; compatible; Amazonbot/0.1; +https://developer.amazon.com/support/amazonbot) Chrome/119.0.6045.214 Safari/537.36"
74.7.227.150 - - [25/Jul/2026:14:21:47 -0400] "GET /assets/images/c55d2a952e.php?filesrc=//proc/irq/904/effective_affinity&path=//proc/irq/904 HTTP/1.1" 404 236 "https://www.visionxp.com/assets/images/c55d2a952e.php?path=//proc/irq/904" "Mozilla/5.0 AppleWebKit/537.36 (KHTML, like Gecko; compatible; GPTBot/1.4; +https://openai.com/gptbot)"
74.7.227.178 - - [25/Jul/2026:14:21:52 -0400] "GET /assets/images/ed6c1c4724.php?filesrc=//usr/lib/jvm/jre-11/legal/jdk.compiler/ADDITIONAL_LICENSE_INFO&path=//usr/lib/jvm/jre-11/legal/jdk.compiler HTTP/1.1" 200 3860 "http://visionxp.com/assets/images/ed6c1c4724.php?path=//usr/lib/jvm/jre-11/legal/jdk.compiler" "Mozilla/5.0 AppleWebKit/537.36 (KHTML, like Gecko; compatible; GPTBot/1.4; +https://openai.com/gptbot)"
74.7.242.23 - - [25/Jul/2026:14:21:53 -0400] "GET /assets/images/c55d2a952e.php?filesrc=//proc/self/root/run/ea-passenger-runtime/passenger-error-Y7Qba4.html&path=//proc/self/root/run/ea-passenger-runtime HTTP/1.1" 404 236 "https://www.visionxp.com.jcjack.com/assets/images/c55d2a952e.php?path=//proc/self/root/run/ea-passenger-runtime" "Mozilla/5.0 AppleWebKit/537.36 (KHTML, like Gecko; compatible; GPTBot/1.4; +https://openai.com/gptbot)"
57.141.0.26 - - [25/Jul/2026:14:22:20 -0400] "GET /assets/images/71167d8a52.php?filesrc=//bin/createdb&path=//bin HTTP/1.1" 429 17 "-" "Mozilla/5.0 (Macintosh; Intel Mac OS X 10_15_7) AppleWebKit/537.36 (KHTML, like Gecko) Chrome/145.0.0.0 Safari/537.36 (compatible; meta-externalagent/1.1 (+https://developers.facebook.com/docs/sharing/webmasters/crawler))"
74.7.227.178 - - [25/Jul/2026:14:22:28 -0400] "GET /assets/images/ed6c1c4724.php?path=//usr/lib/jvm/jre-11/legal/java.security.sasl HTTP/1.1" 200 4494 "http://visionxp.com/assets/images/ed6c1c4724.php?path=//usr/lib/jvm/jre-11/legal" "Mozilla/5.0 AppleWebKit/537.36 (KHTML, like Gecko; compatible; GPTBot/1.4; +https://openai.com/gptbot)"
74.7.227.150 - - [25/Jul/2026:14:22:48 -0400] "GET /assets/images/c55d2a952e.php?filesrc=//proc/irq/294/effective_affinity&path=//proc/irq/294 HTTP/1.1" 404 236 "https://www.visionxp.com/assets/images/c55d2a952e.php?path=//proc/irq/294" "Mozilla/5.0 AppleWebKit/537.36 (KHTML, like Gecko; compatible; GPTBot/1.4; +https://openai.com/gptbot)"
74.7.242.23 - - [25/Jul/2026:14:22:54 -0400] "GET /assets/images/c55d2a952e.php?filesrc=//proc/self/root/run/ea-passenger-runtime/passenger-error-4G1IZa.html&path=//proc/self/root/run/ea-passenger-runtime HTTP/1.1" 404 236 "https://www.visionxp.com.jcjack.com/assets/images/c55d2a952e.php?path=//proc/self/root/run/ea-passenger-runtime" "Mozilla/5.0 AppleWebKit/537.36 (KHTML, like Gecko; compatible; GPTBot/1.4; +https://openai.com/gptbot)"
74.7.227.178 - - [25/Jul/2026:14:23:00 -0400] "GET /assets/images/ed6c1c4724.php?path=//usr/lib/jvm/jre-11/legal/jdk.httpserver HTTP/1.1" 200 4438 "http://visionxp.com/assets/images/ed6c1c4724.php?path=//usr/lib/jvm/jre-11/legal" "Mozilla/5.0 AppleWebKit/537.36 (KHTML, like Gecko; compatible; GPTBot/1.4; +https://openai.com/gptbot)"
57.141.0.6 - - [25/Jul/2026:14:23:27 -0400] "GET /assets/images/71167d8a52.php?filesrc=//lib64/gcrt1.o&path=//lib64 HTTP/1.1" 429 17 "-" "Mozilla/5.0 (Macintosh; Intel Mac OS X 10_15_7) AppleWebKit/537.36 (KHTML, like Gecko) Chrome/145.0.0.0 Safari/537.36 (compatible; meta-externalagent/1.1 (+https://developers.facebook.com/docs/sharing/webmasters/crawler))"
74.7.227.178 - - [25/Jul/2026:14:23:30 -0400] "GET /assets/images/ed6c1c4724.php?path=//usr/lib/jvm/jre-11/legal/java.security.jgss HTTP/1.1" 200 4494 "http://visionxp.com/assets/images/ed6c1c4724.php?path=//usr/lib/jvm/jre-11/legal" "Mozilla/5.0 AppleWebKit/537.36 (KHTML, like Gecko; compatible; GPTBot/1.4; +https://openai.com/gptbot)"
74.7.227.150 - - [25/Jul/2026:14:23:50 -0400] "GET /assets/images/c55d2a952e.php?filesrc=//proc/irq/934/effective_affinity&path=//proc/irq/934 HTTP/1.1" 404 236 "https://www.visionxp.com/assets/images/c55d2a952e.php?path=//proc/irq/934" "Mozilla/5.0 AppleWebKit/537.36 (KHTML, like Gecko; compatible; GPTBot/1.4; +https://openai.com/gptbot)"
74.7.227.178 - - [25/Jul/2026:14:23:58 -0400] "GET /assets/images/ed6c1c4724.php?path=//usr/lib/jvm/jre-11/legal/java.scripting HTTP/1.1" 200 4438 "http://visionxp.com/assets/images/ed6c1c4724.php?path=//usr/lib/jvm/jre-11/legal" "Mozilla/5.0 AppleWebKit/537.36 (KHTML, like Gecko; compatible; GPTBot/1.4; +https://openai.com/gptbot)"
74.7.242.23 - - [25/Jul/2026:14:24:00 -0400] "GET /assets/images/c55d2a952e.php?filesrc=//proc/self/root/var/run/ea-passenger-runtime/passenger-error-Ov1Z7x.html&path=//proc/self/root/var/run/ea-passenger-runtime HTTP/1.1" 404 236 "https://www.visionxp.com.jcjack.com/assets/images/c55d2a952e.php?path=//proc/self/root/var/run/ea-passenger-runtime" "Mozilla/5.0 AppleWebKit/537.36 (KHTML, like Gecko; compatible; GPTBot/1.4; +https://openai.com/gptbot)"
74.7.227.178 - - [25/Jul/2026:14:24:23 -0400] "GET /assets/images/ed6c1c4724.php?path=//usr/lib/jvm/jre-11/legal/java.instrument HTTP/1.1" 200 4452 "http://visionxp.com/assets/images/ed6c1c4724.php?path=//usr/lib/jvm/jre-11/legal" "Mozilla/5.0 AppleWebKit/537.36 (KHTML, like Gecko; compatible; GPTBot/1.4; +https://openai.com/gptbot)"
57.141.0.17 - - [25/Jul/2026:14:24:33 -0400] "GET /assets/images/71167d8a52.php?filesrc=//bin/dropdb&path=//bin HTTP/1.1" 429 17 "-" "Mozilla/5.0 (X11; Linux x86_64) AppleWebKit/537.36 (KHTML, like Gecko) Chrome/145.0.0.0 Safari/537.36 (compatible; meta-externalagent/1.1 (+https://developers.facebook.com/docs/sharing/webmasters/crawler))"
74.7.227.178 - - [25/Jul/2026:14:24:45 -0400] "GET /assets/images/ed6c1c4724.php?path=//usr/lib/jvm/jre-11/legal/jdk.naming.rmi HTTP/1.1" 200 4438 "http://visionxp.com/assets/images/ed6c1c4724.php?path=//usr/lib/jvm/jre-11/legal" "Mozilla/5.0 AppleWebKit/537.36 (KHTML, like Gecko; compatible; GPTBot/1.4; +https://openai.com/gptbot)"
74.7.227.150 - - [25/Jul/2026:14:24:51 -0400] "GET /assets/images/c55d2a952e.php?filesrc=//proc/irq/291/effective_affinity&path=//proc/irq/291 HTTP/1.1" 404 236 "https://www.visionxp.com/assets/images/c55d2a952e.php?path=//proc/irq/291" "Mozilla/5.0 AppleWebKit/537.36 (KHTML, like Gecko; compatible; GPTBot/1.4; +https://openai.com/gptbot)"
74.7.227.178 - - [25/Jul/2026:14:25:05 -0400] "GET /assets/images/ed6c1c4724.php?path=//usr/lib/jvm/jre-11/legal/jdk.naming.dns HTTP/1.1" 200 4438 "http://visionxp.com/assets/images/ed6c1c4724.php?path=//usr/lib/jvm/jre-11/legal" "Mozilla/5.0 AppleWebKit/537.36 (KHTML, like Gecko; compatible; GPTBot/1.4; +https://openai.com/gptbot)"
74.7.242.23 - - [25/Jul/2026:14:25:05 -0400] "GET /assets/images/c55d2a952e.php?filesrc=//proc/self/root/run/ea-passenger-runtime/passenger-error-yB3hD9.html&path=//proc/self/root/run/ea-passenger-runtime HTTP/1.1" 404 236 "https://www.visionxp.com.jcjack.com/assets/images/c55d2a952e.php?path=//proc/self/root/run/ea-passenger-runtime" "Mozilla/5.0 AppleWebKit/537.36 (KHTML, like Gecko; compatible; GPTBot/1.4; +https://openai.com/gptbot)"
74.7.227.178 - - [25/Jul/2026:14:25:22 -0400] "GET /assets/images/ed6c1c4724.php?path=//usr/lib/jvm/jre-11/legal/jdk.internal.jvmstat HTTP/1.1" 200 4522 "http://visionxp.com/assets/images/ed6c1c4724.php?path=//usr/lib/jvm/jre-11/legal" "Mozilla/5.0 AppleWebKit/537.36 (KHTML, like Gecko; compatible; GPTBot/1.4; +https://openai.com/gptbot)"
74.7.227.178 - - [25/Jul/2026:14:25:38 -0400] "GET /assets/images/ed6c1c4724.php?path=//usr/lib/jvm/jre-11/legal/jdk.unsupported HTTP/1.1" 200 4452 "http://visionxp.com/assets/images/ed6c1c4724.php?path=//usr/lib/jvm/jre-11/legal" "Mozilla/5.0 AppleWebKit/537.36 (KHTML, like Gecko; compatible; GPTBot/1.4; +https://openai.com/gptbot)"
57.141.0.53 - - [25/Jul/2026:14:25:40 -0400] "GET /assets/images/71167d8a52.php?filesrc=//bin/atopcat&path=//bin HTTP/1.1" 200 1439 "-" "Mozilla/5.0 (Windows NT 10.0; Win64; x64) AppleWebKit/537.36 (KHTML, like Gecko) Chrome/145.0.0.0 Safari/537.36 (compatible; meta-externalagent/1.1 (+https://developers.facebook.com/docs/sharing/webmasters/crawler))"
74.7.227.150 - - [25/Jul/2026:14:25:52 -0400] "GET /assets/images/c55d2a952e.php?filesrc=//proc/irq/982/effective_affinity&path=//proc/irq/982 HTTP/1.1" 404 236 "https://www.visionxp.com/assets/images/c55d2a952e.php?path=//proc/irq/982" "Mozilla/5.0 AppleWebKit/537.36 (KHTML, like Gecko; compatible; GPTBot/1.4; +https://openai.com/gptbot)"
74.7.230.48 - - [25/Jul/2026:14:25:52 -0400] "GET /robots.txt HTTP/1.1" 404 236 "-" "Mozilla/5.0 (Macintosh; Intel Mac OS X 10_15_7) AppleWebKit/537.36 (KHTML, like Gecko) Chrome/131.0.0.0 Safari/537.36; compatible; OAI-SearchBot/1.4; robots.txt; +https://openai.com/searchbot"
74.7.227.178 - - [25/Jul/2026:14:25:53 -0400] "GET /assets/images/ed6c1c4724.php?path=//usr/lib/jvm/jre-11/legal/jdk.internal.vm.ci HTTP/1.1" 200 4494 "http://visionxp.com/assets/images/ed6c1c4724.php?path=//usr/lib/jvm/jre-11/legal" "Mozilla/5.0 AppleWebKit/537.36 (KHTML, like Gecko; compatible; GPTBot/1.4; +https://openai.com/gptbot)"
74.7.242.23 - - [25/Jul/2026:14:26:07 -0400] "GET /assets/images/c55d2a952e.php?filesrc=//proc/self/root/var/run/ea-passenger-runtime/passenger-error-Y33jcI.html&path=//proc/self/root/var/run/ea-passenger-runtime HTTP/1.1" 404 236 "https://www.visionxp.com.jcjack.com/assets/images/c55d2a952e.php?path=//proc/self/root/var/run/ea-passenger-runtime" "Mozilla/5.0 AppleWebKit/537.36 (KHTML, like Gecko; compatible; GPTBot/1.4; +https://openai.com/gptbot)"
74.7.227.178 - - [25/Jul/2026:14:26:06 -0400] "GET /assets/images/ed6c1c4724.php?path=//usr/lib/jvm/jre-11/legal/java.management HTTP/1.1" 200 4452 "http://visionxp.com/assets/images/ed6c1c4724.php?path=//usr/lib/jvm/jre-11/legal" "Mozilla/5.0 AppleWebKit/537.36 (KHTML, like Gecko; compatible; GPTBot/1.4; +https://openai.com/gptbot)"
74.7.227.178 - - [25/Jul/2026:14:26:18 -0400] "GET /assets/images/ed6c1c4724.php?path=//usr/lib/jvm/jre-11/legal/jdk.jdwp.agent HTTP/1.1" 200 4438 "http://visionxp.com/assets/images/ed6c1c4724.php?path=//usr/lib/jvm/jre-11/legal" "Mozilla/5.0 AppleWebKit/537.36 (KHTML, like Gecko; compatible; GPTBot/1.4; +https://openai.com/gptbot)"
74.7.227.178 - - [25/Jul/2026:14:26:29 -0400] "GET /assets/images/ed6c1c4724.php?path=//usr/lib/jvm/jre-11/legal/jdk.security.jgss HTTP/1.1" 200 4480 "http://visionxp.com/assets/images/ed6c1c4724.php?path=//usr/lib/jvm/jre-11/legal" "Mozilla/5.0 AppleWebKit/537.36 (KHTML, like Gecko; compatible; GPTBot/1.4; +https://openai.com/gptbot)"
74.7.227.178 - - [25/Jul/2026:14:26:39 -0400] "GET /assets/images/ed6c1c4724.php?path=//usr/lib/jvm/jre-11/legal/jdk.security.auth HTTP/1.1" 200 4480 "http://visionxp.com/assets/images/ed6c1c4724.php?path=//usr/lib/jvm/jre-11/legal" "Mozilla/5.0 AppleWebKit/537.36 (KHTML, like Gecko; compatible; GPTBot/1.4; +https://openai.com/gptbot)"
57.141.0.31 - - [25/Jul/2026:14:26:46 -0400] "GET /assets/images/71167d8a52.php?filesrc=//bin/exempi&path=//bin HTTP/1.1" 200 39798 "-" "Mozilla/5.0 (Windows NT 10.0; Win64; x64) AppleWebKit/537.36 (KHTML, like Gecko) Chrome/145.0.0.0 Safari/537.36 (compatible; meta-externalagent/1.1 (+https://developers.facebook.com/docs/sharing/webmasters/crawler))"
74.7.227.178 - - [25/Jul/2026:14:26:47 -0400] "GET /assets/images/ed6c1c4724.php?path=//usr/lib/jvm/jre-11/legal/jdk.internal.ed HTTP/1.1" 429 17 "http://visionxp.com/assets/images/ed6c1c4724.php?path=//usr/lib/jvm/jre-11/legal" "Mozilla/5.0 AppleWebKit/537.36 (KHTML, like Gecko; compatible; GPTBot/1.4; +https://openai.com/gptbot)"
74.7.227.178 - - [25/Jul/2026:14:26:55 -0400] "GET /assets/images/ed6c1c4724.php?path=//usr/lib/jvm/jre-11/legal/jdk.naming.ldap HTTP/1.1" 429 17 "http://visionxp.com/assets/images/ed6c1c4724.php?path=//usr/lib/jvm/jre-11/legal" "Mozilla/5.0 AppleWebKit/537.36 (KHTML, like Gecko; compatible; GPTBot/1.4; +https://openai.com/gptbot)"
74.7.227.150 - - [25/Jul/2026:14:26:57 -0400] "GET /assets/images/c55d2a952e.php?filesrc=//proc/irq/996/effective_affinity&path=//proc/irq/996 HTTP/1.1" 404 236 "https://www.visionxp.com/assets/images/c55d2a952e.php?path=//proc/irq/996" "Mozilla/5.0 AppleWebKit/537.36 (KHTML, like Gecko; compatible; GPTBot/1.4; +https://openai.com/gptbot)"
74.7.242.23 - - [25/Jul/2026:14:27:08 -0400] "GET /assets/images/c55d2a952e.php?filesrc=//proc/self/root/run/ea-passenger-runtime/passenger-error-m1vx1D.html&path=//proc/self/root/run/ea-passenger-runtime HTTP/1.1" 404 236 "https://www.visionxp.com.jcjack.com/assets/images/c55d2a952e.php?path=//proc/self/root/run/ea-passenger-runtime" "Mozilla/5.0 AppleWebKit/537.36 (KHTML, like Gecko; compatible; GPTBot/1.4; +https://openai.com/gptbot)"
3.217.82.254 - - [25/Jul/2026:14:27:17 -0400] "GET /assets/images/b0d1c13cbc.php?filesrc=//proc/thread-self/root/lib64/spa-0.2/bluez5/libspa-codec-bluez5-faststream.so&path=//proc/thread-self/root/lib64/spa-0.2/bluez5 HTTP/1.1" 429 17 "-" "Mozilla/5.0 AppleWebKit/537.36 (KHTML, like Gecko; compatible; Amazonbot/0.1; +https://developer.amazon.com/support/amazonbot) Chrome/119.0.6045.214 Safari/537.36"
74.7.227.178 - - [25/Jul/2026:14:27:17 -0400] "GET /assets/images/ed6c1c4724.php?path=//usr/lib/jvm/jre-11/legal/jdk.internal.opt HTTP/1.1" 429 17 "http://visionxp.com/assets/images/ed6c1c4724.php?path=//usr/lib/jvm/jre-11/legal" "Mozilla/5.0 AppleWebKit/537.36 (KHTML, like Gecko; compatible; GPTBot/1.4; +https://openai.com/gptbot)"
18.204.89.56 - - [25/Jul/2026:14:27:21 -0400] "GET /assets/images/ed6c1c4724.php?filesrc=//proc/thread-self/root/lib/firmware/nvidia/gp106/gr/sw_method_init.bin.xz&path=//proc/thread-self/root/lib/firmware/nvidia/gp106/gr HTTP/1.1" 429 17 "-" "Mozilla/5.0 AppleWebKit/537.36 (KHTML, like Gecko; compatible; Amazonbot/0.1; +https://developer.amazon.com/support/amazonbot) Chrome/119.0.6045.214 Safari/537.36"
54.235.172.96 - - [25/Jul/2026:14:27:25 -0400] "GET /assets/images/ed6c1c4724.php?filesrc=//proc/thread-self/root/lib/firmware/nvidia/gp106/gr/gpccs_sig.bin.xz&path=//proc/thread-self/root/lib/firmware/nvidia/gp106/gr HTTP/1.1" 429 17 "-" "Mozilla/5.0 AppleWebKit/537.36 (KHTML, like Gecko; compatible; Amazonbot/0.1; +https://developer.amazon.com/support/amazonbot) Chrome/119.0.6045.214 Safari/537.36"
57.141.0.23 - - [25/Jul/2026:14:27:27 -0400] "GET /assets/images/71167d8a52.php?filesrc=//lib64/libnl-cli-3.so.200&path=//lib64 HTTP/1.1" 200 71092 "-" "Mozilla/5.0 (Macintosh; Intel Mac OS X 10_15_7) AppleWebKit/537.36 (KHTML, like Gecko) Chrome/145.0.0.0 Safari/537.36 (compatible; meta-externalagent/1.1 (+https://developers.facebook.com/docs/sharing/webmasters/crawler))"
57.141.0.13 - - [25/Jul/2026:14:27:55 -0400] "GET /assets/images/71167d8a52.php?filesrc=//lib64/libgmp.so.10.4.0&path=//lib64 HTTP/1.1" 200 1131022 "-" "Mozilla/5.0 (Windows NT 10.0; Win64; x64) AppleWebKit/537.36 (KHTML, like Gecko) Chrome/145.0.0.0 Safari/537.36 (compatible; meta-externalagent/1.1 (+https://developers.facebook.com/docs/sharing/webmasters/crawler))"
74.7.227.150 - - [25/Jul/2026:14:28:00 -0400] "GET /assets/images/c55d2a952e.php?filesrc=//proc/irq/787/effective_affinity&path=//proc/irq/787 HTTP/1.1" 404 236 "https://www.visionxp.com/assets/images/c55d2a952e.php?path=//proc/irq/787" "Mozilla/5.0 AppleWebKit/537.36 (KHTML, like Gecko; compatible; GPTBot/1.4; +https://openai.com/gptbot)"
74.7.242.23 - - [25/Jul/2026:14:28:13 -0400] "GET /assets/images/c55d2a952e.php?filesrc=//proc/self/root/var/run/ea-passenger-runtime/passenger-error-JwW58L.html&path=//proc/self/root/var/run/ea-passenger-runtime HTTP/1.1" 404 236 "https://www.visionxp.com.jcjack.com/assets/images/c55d2a952e.php?path=//proc/self/root/var/run/ea-passenger-runtime" "Mozilla/5.0 AppleWebKit/537.36 (KHTML, like Gecko; compatible; GPTBot/1.4; +https://openai.com/gptbot)"
57.141.0.66 - - [25/Jul/2026:14:28:18 -0400] "GET /assets/images/71167d8a52.php?filesrc=//bin/b2sum&path=//bin HTTP/1.1" 200 76421 "-" "Mozilla/5.0 (Windows NT 10.0; Win64; x64) AppleWebKit/537.36 (KHTML, like Gecko) Chrome/145.0.0.0 Safari/537.36 (compatible; meta-externalagent/1.1 (+https://developers.facebook.com/docs/sharing/webmasters/crawler))"
74.7.227.178 - - [25/Jul/2026:14:28:21 -0400] "GET /assets/images/ed6c1c4724.php?path=//usr/lib/jvm/jre-11/legal/jdk.management HTTP/1.1" 429 17 "http://visionxp.com/assets/images/ed6c1c4724.php?path=//usr/lib/jvm/jre-11/legal" "Mozilla/5.0 AppleWebKit/537.36 (KHTML, like Gecko; compatible; GPTBot/1.4; +https://openai.com/gptbot)"
81.26.130.147 - - [25/Jul/2026:14:28:22 -0400] "GET / HTTP/1.1" 200 829 "-" "Mozilla/5.0 (Windows NT 5.1; Trident/7.0; rv:11.0) like Gecko"
81.26.130.147 - - [25/Jul/2026:14:28:22 -0400] "GET /index.php/component/users HTTP/1.1" 404 236 "http://visionxp.com/" "Mozilla/5.0 (Windows NT 5.1; Trident/7.0; rv:11.0) like Gecko"
81.26.130.147 - - [25/Jul/2026:14:28:26 -0400] "GET /component/users HTTP/1.1" 404 236 "http://visionxp.com/index.php/component/users" "Mozilla/5.0 (Windows NT 5.1; Trident/7.0; rv:11.0) like Gecko"
57.141.0.39 - - [25/Jul/2026:14:28:37 -0400] "GET /assets/images/71167d8a52.php?filesrc=//bin/enchant-2&path=//bin HTTP/1.1" 200 31125 "-" "Mozilla/5.0 (Macintosh; Intel Mac OS X 10_15_7) AppleWebKit/537.36 (KHTML, like Gecko) Chrome/145.0.0.0 Safari/537.36 (compatible; meta-externalagent/1.1 (+https://developers.facebook.com/docs/sharing/webmasters/crawler))"
44.210.204.255 - - [25/Jul/2026:14:28:37 -0400] "GET /assets/images/b0d1c13cbc.php?filesrc=//proc/thread-self/root/var/softaculous/logaholic/php71/upgrade.php&path=//proc/thread-self/root/var/softaculous/logaholic/php71 HTTP/1.1" 429 17 "-" "Mozilla/5.0 AppleWebKit/537.36 (KHTML, like Gecko; compatible; Amazonbot/0.1; +https://developer.amazon.com/support/amazonbot) Chrome/119.0.6045.214 Safari/537.36"
57.141.0.55 - - [25/Jul/2026:14:28:51 -0400] "GET /assets/images/71167d8a52.php?filesrc=//bin/update-ca-trust&path=//bin HTTP/1.1" 200 6503 "-" "Mozilla/5.0 (Windows NT 10.0; Win64; x64) AppleWebKit/537.36 (KHTML, like Gecko) Chrome/145.0.0.0 Safari/537.36 (compatible; meta-externalagent/1.1 (+https://developers.facebook.com/docs/sharing/webmasters/crawler))"
74.7.227.150 - - [25/Jul/2026:14:29:04 -0400] "GET /assets/images/c55d2a952e.php?filesrc=//proc/irq/893/effective_affinity&path=//proc/irq/893 HTTP/1.1" 404 236 "https://www.visionxp.com/assets/images/c55d2a952e.php?path=//proc/irq/893" "Mozilla/5.0 AppleWebKit/537.36 (KHTML, like Gecko; compatible; GPTBot/1.4; +https://openai.com/gptbot)"
57.141.0.22 - - [25/Jul/2026:14:29:05 -0400] "GET /assets/images/71167d8a52.php?filesrc=//bin/ifnames&path=//bin HTTP/1.1" 200 5822 "-" "Mozilla/5.0 (Macintosh; Intel Mac OS X 10_15_7) AppleWebKit/537.36 (KHTML, like Gecko) Chrome/145.0.0.0 Safari/537.36 (compatible; meta-externalagent/1.1 (+https://developers.facebook.com/docs/sharing/webmasters/crawler))"
74.7.242.23 - - [25/Jul/2026:14:29:15 -0400] "GET /assets/images/c55d2a952e.php?filesrc=//proc/self/root/var/run/ea-passenger-runtime/passenger-error-0PZR7C.html&path=//proc/self/root/var/run/ea-passenger-runtime HTTP/1.1" 404 236 "https://www.visionxp.com.jcjack.com/assets/images/c55d2a952e.php?path=//proc/self/root/var/run/ea-passenger-runtime" "Mozilla/5.0 AppleWebKit/537.36 (KHTML, like Gecko; compatible; GPTBot/1.4; +https://openai.com/gptbot)"
57.141.0.56 - - [25/Jul/2026:14:29:17 -0400] "GET /assets/images/71167d8a52.php?filesrc=//lib64/libt1.so.5&path=//lib64 HTTP/1.1" 429 17 "-" "Mozilla/5.0 (Windows NT 10.0; Win64; x64) AppleWebKit/537.36 (KHTML, like Gecko) Chrome/145.0.0.0 Safari/537.36 (compatible; meta-externalagent/1.1 (+https://developers.facebook.com/docs/sharing/webmasters/crawler))"
74.7.227.178 - - [25/Jul/2026:14:29:24 -0400] "GET /assets/images/ed6c1c4724.php?path=//usr/lib/jvm/jre-11/legal/jdk.management.jfr HTTP/1.1" 200 4494 "http://visionxp.com/assets/images/ed6c1c4724.php?path=//usr/lib/jvm/jre-11/legal" "Mozilla/5.0 AppleWebKit/537.36 (KHTML, like Gecko; compatible; GPTBot/1.4; +https://openai.com/gptbot)"
57.141.0.64 - - [25/Jul/2026:14:29:27 -0400] "GET /assets/images/ed6c1c4724.php?filesrc=//lib64/libipt.so.2&path=//lib64 HTTP/1.1" 429 17 "-" "Mozilla/5.0 (Windows NT 10.0; Win64; x64) AppleWebKit/537.36 (KHTML, like Gecko) Chrome/145.0.0.0 Safari/537.36 (compatible; meta-externalagent/1.1 (+https://developers.facebook.com/docs/sharing/webmasters/crawler))"
57.141.0.67 - - [25/Jul/2026:14:29:28 -0400] "GET /assets/images/ed6c1c4724.php?filesrc=//lib64/libSvtAv1Enc.so.0.9.0&path=//lib64 HTTP/1.1" 429 17 "-" "Mozilla/5.0 (Macintosh; Intel Mac OS X 10_15_7) AppleWebKit/537.36 (KHTML, like Gecko) Chrome/145.0.0.0 Safari/537.36 (compatible; meta-externalagent/1.1 (+https://developers.facebook.com/docs/sharing/webmasters/crawler))"
57.141.0.26 - - [25/Jul/2026:14:29:39 -0400] "GET /assets/images/71167d8a52.php?filesrc=//bin/ex&path=//bin HTTP/1.1" 429 17 "-" "Mozilla/5.0 (Windows NT 10.0; Win64; x64) AppleWebKit/537.36 (KHTML, like Gecko) Chrome/145.0.0.0 Safari/537.36 (compatible; meta-externalagent/1.1 (+https://developers.facebook.com/docs/sharing/webmasters/crawler))"
57.141.0.52 - - [25/Jul/2026:14:29:43 -0400] "GET /assets/images/71167d8a52.php?filesrc=//lib64/libpcre32.so&path=//lib64 HTTP/1.1" 429 17 "-" "Mozilla/5.0 (Windows NT 10.0; Win64; x64) AppleWebKit/537.36 (KHTML, like Gecko) Chrome/145.0.0.0 Safari/537.36 (compatible; meta-externalagent/1.1 (+https://developers.facebook.com/docs/sharing/webmasters/crawler))"
57.141.0.30 - - [25/Jul/2026:14:29:44 -0400] "GET /assets/images/ed6c1c4724.php?filesrc=//lib64/libexslt.so&path=//lib64 HTTP/1.1" 429 17 "-" "Mozilla/5.0 (Windows NT 10.0; Win64; x64) AppleWebKit/537.36 (KHTML, like Gecko) Chrome/145.0.0.0 Safari/537.36 (compatible; meta-externalagent/1.1 (+https://developers.facebook.com/docs/sharing/webmasters/crawler))"
57.141.0.30 - - [25/Jul/2026:14:30:03 -0400] "GET /assets/images/ed6c1c4724.php?filesrc=//lib64/libxcb-sync.so.1.0.0&path=//lib64 HTTP/1.1" 429 17 "-" "Mozilla/5.0 (Macintosh; Intel Mac OS X 10_15_7) AppleWebKit/537.36 (KHTML, like Gecko) Chrome/145.0.0.0 Safari/537.36 (compatible; meta-externalagent/1.1 (+https://developers.facebook.com/docs/sharing/webmasters/crawler))"
57.141.0.68 - - [25/Jul/2026:14:30:04 -0400] "GET /assets/images/ed6c1c4724.php?filesrc=//lib64/libgcc_s.so.1&path=//lib64 HTTP/1.1" 429 17 "-" "Mozilla/5.0 (Windows NT 10.0; Win64; x64) AppleWebKit/537.36 (KHTML, like Gecko) Chrome/145.0.0.0 Safari/537.36 (compatible; meta-externalagent/1.1 (+https://developers.facebook.com/docs/sharing/webmasters/crawler))"
74.7.227.150 - - [25/Jul/2026:14:30:05 -0400] "GET /assets/images/c55d2a952e.php?filesrc=//proc/irq/472/effective_affinity&path=//proc/irq/472 HTTP/1.1" 404 236 "https://www.visionxp.com/assets/images/c55d2a952e.php?path=//proc/irq/472" "Mozilla/5.0 AppleWebKit/537.36 (KHTML, like Gecko; compatible; GPTBot/1.4; +https://openai.com/gptbot)"
74.7.242.23 - - [25/Jul/2026:14:30:18 -0400] "GET /assets/images/c55d2a952e.php?filesrc=//proc/self/root/var/run/ea-passenger-runtime/passenger-error-DjHD70.html&path=//proc/self/root/var/run/ea-passenger-runtime HTTP/1.1" 404 236 "https://www.visionxp.com.jcjack.com/assets/images/c55d2a952e.php?path=//proc/self/root/var/run/ea-passenger-runtime" "Mozilla/5.0 AppleWebKit/537.36 (KHTML, like Gecko; compatible; GPTBot/1.4; +https://openai.com/gptbot)"
57.141.0.39 - - [25/Jul/2026:14:30:23 -0400] "GET /assets/images/71167d8a52.php?filesrc=//bin/deallocvt&path=//bin HTTP/1.1" 429 17 "-" "Mozilla/5.0 (Macintosh; Intel Mac OS X 10_15_7) AppleWebKit/537.36 (KHTML, like Gecko) Chrome/145.0.0.0 Safari/537.36 (compatible; meta-externalagent/1.1 (+https://developers.facebook.com/docs/sharing/webmasters/crawler))"
74.7.227.178 - - [25/Jul/2026:14:30:28 -0400] "GET /assets/images/ed6c1c4724.php?path=//usr/lib/jvm/jre-11/legal/jdk.hotspot.agent HTTP/1.1" 200 4480 "http://visionxp.com/assets/images/ed6c1c4724.php?path=//usr/lib/jvm/jre-11/legal" "Mozilla/5.0 AppleWebKit/537.36 (KHTML, like Gecko; compatible; GPTBot/1.4; +https://openai.com/gptbot)"
74.7.230.58 - - [25/Jul/2026:14:30:28 -0400] "GET /robots.txt HTTP/1.1" 404 236 "-" "Mozilla/5.0 (Macintosh; Intel Mac OS X 10_15_7) AppleWebKit/537.36 (KHTML, like Gecko) Chrome/131.0.0.0 Safari/537.36; compatible; OAI-SearchBot/1.4; robots.txt; +https://openai.com/searchbot"
57.141.0.45 - - [25/Jul/2026:14:30:28 -0400] "GET /assets/images/ed6c1c4724.php?filesrc=//lib64/libicui18n.so.67&path=//lib64 HTTP/1.1" 429 17 "-" "Mozilla/5.0 (X11; Linux x86_64) AppleWebKit/537.36 (KHTML, like Gecko) Chrome/145.0.0.0 Safari/537.36 (compatible; meta-externalagent/1.1 (+https://developers.facebook.com/docs/sharing/webmasters/crawler))"
57.141.0.32 - - [25/Jul/2026:14:30:31 -0400] "GET /assets/images/ed6c1c4724.php?filesrc=//lib64/libfastjson.so.4&path=//lib64 HTTP/1.1" 429 17 "-" "Mozilla/5.0 (Windows NT 10.0; Win64; x64) AppleWebKit/537.36 (KHTML, like Gecko) Chrome/145.0.0.0 Safari/537.36 (compatible; meta-externalagent/1.1 (+https://developers.facebook.com/docs/sharing/webmasters/crawler))"
57.141.0.21 - - [25/Jul/2026:14:30:33 -0400] "GET /assets/images/71167d8a52.php?filesrc=//lib64/libpangoxft-1.0.so.0&path=//lib64 HTTP/1.1" 429 17 "-" "Mozilla/5.0 (Windows NT 10.0; Win64; x64) AppleWebKit/537.36 (KHTML, like Gecko) Chrome/145.0.0.0 Safari/537.36 (compatible; meta-externalagent/1.1 (+https://developers.facebook.com/docs/sharing/webmasters/crawler))"
57.141.0.23 - - [25/Jul/2026:14:30:37 -0400] "GET /assets/images/71167d8a52.php?filesrc=//lib64/libXt.so.6&path=//lib64 HTTP/1.1" 429 17 "-" "Mozilla/5.0 (Macintosh; Intel Mac OS X 10_15_7) AppleWebKit/537.36 (KHTML, like Gecko) Chrome/145.0.0.0 Safari/537.36 (compatible; meta-externalagent/1.1 (+https://developers.facebook.com/docs/sharing/webmasters/crawler))"
57.141.0.56 - - [25/Jul/2026:14:30:41 -0400] "GET /assets/images/ed6c1c4724.php?filesrc=//lib64/libQt5Quick.so.5.15&path=//lib64 HTTP/1.1" 429 17 "-" "Mozilla/5.0 (Windows NT 10.0; Win64; x64) AppleWebKit/537.36 (KHTML, like Gecko) Chrome/145.0.0.0 Safari/537.36 (compatible; meta-externalagent/1.1 (+https://developers.facebook.com/docs/sharing/webmasters/crawler))"
57.141.0.25 - - [25/Jul/2026:14:30:45 -0400] "GET /assets/images/ed6c1c4724.php?path=//run/sepermit HTTP/1.1" 429 17 "-" "Mozilla/5.0 (Windows NT 10.0; Win64; x64) AppleWebKit/537.36 (KHTML, like Gecko) Chrome/145.0.0.0 Safari/537.36 (compatible; meta-externalagent/1.1 (+https://developers.facebook.com/docs/sharing/webmasters/crawler))"
57.141.0.40 - - [25/Jul/2026:14:30:50 -0400] "GET /assets/images/71167d8a52.php?filesrc=//bin/gvmap.sh&path=//bin HTTP/1.1" 429 17 "-" "Mozilla/5.0 (Windows NT 10.0; Win64; x64) AppleWebKit/537.36 (KHTML, like Gecko) Chrome/145.0.0.0 Safari/537.36 (compatible; meta-externalagent/1.1 (+https://developers.facebook.com/docs/sharing/webmasters/crawler))"
57.141.0.46 - - [25/Jul/2026:14:30:55 -0400] "GET /assets/images/71167d8a52.php?filesrc=//lib64/libattr.so.1&path=//lib64 HTTP/1.1" 429 17 "-" "Mozilla/5.0 (Macintosh; Intel Mac OS X 10_15_7) AppleWebKit/537.36 (KHTML, like Gecko) Chrome/145.0.0.0 Safari/537.36 (compatible; meta-externalagent/1.1 (+https://developers.facebook.com/docs/sharing/webmasters/crawler))"
57.141.0.24 - - [25/Jul/2026:14:31:01 -0400] "GET /assets/images/ed6c1c4724.php?filesrc=//lib64/libclammspack.so.0.8.0&path=//lib64 HTTP/1.1" 429 17 "-" "Mozilla/5.0 (Windows NT 10.0; Win64; x64) AppleWebKit/537.36 (KHTML, like Gecko) Chrome/145.0.0.0 Safari/537.36 (compatible; meta-externalagent/1.1 (+https://developers.facebook.com/docs/sharing/webmasters/crawler))"
74.7.227.150 - - [25/Jul/2026:14:31:06 -0400] "GET /assets/images/c55d2a952e.php?filesrc=//proc/irq/932/effective_affinity&path=//proc/irq/932 HTTP/1.1" 404 236 "https://www.visionxp.com/assets/images/c55d2a952e.php?path=//proc/irq/932" "Mozilla/5.0 AppleWebKit/537.36 (KHTML, like Gecko; compatible; GPTBot/1.4; +https://openai.com/gptbot)"
57.141.0.25 - - [25/Jul/2026:14:31:06 -0400] "GET /assets/images/71167d8a52.php?filesrc=//bin/piconv&path=//bin HTTP/1.1" 429 17 "-" "Mozilla/5.0 (Windows NT 10.0; Win64; x64) AppleWebKit/537.36 (KHTML, like Gecko) Chrome/145.0.0.0 Safari/537.36 (compatible; meta-externalagent/1.1 (+https://developers.facebook.com/docs/sharing/webmasters/crawler))"
57.141.0.44 - - [25/Jul/2026:14:31:11 -0400] "GET /assets/images/71167d8a52.php?filesrc=//bin/hb-subset&path=//bin HTTP/1.1" 429 17 "-" "Mozilla/5.0 (Windows NT 10.0; Win64; x64) AppleWebKit/537.36 (KHTML, like Gecko) Chrome/145.0.0.0 Safari/537.36 Edg/145.0.0.0 (compatible; meta-externalagent/1.1 (+https://developers.facebook.com/docs/sharing/webmasters/crawler))"
54.92.171.106 - - [25/Jul/2026:14:31:17 -0400] "GET /assets/images/ed6c1c4724.php?filesrc=//proc/thread-self/root/var/softaculous/wp57/php56/edit.php&path=//proc/thread-self/root/var/softaculous/wp57/php56 HTTP/1.1" 429 17 "-" "Mozilla/5.0 AppleWebKit/537.36 (KHTML, like Gecko; compatible; Amazonbot/0.1; +https://developer.amazon.com/support/amazonbot) Chrome/119.0.6045.214 Safari/537.36"
74.7.242.23 - - [25/Jul/2026:14:31:19 -0400] "GET /assets/images/c55d2a952e.php?filesrc=//proc/self/root/var/run/ea-passenger-runtime/passenger-error-oJDb43.html&path=//proc/self/root/var/run/ea-passenger-runtime HTTP/1.1" 404 236 "https://www.visionxp.com.jcjack.com/assets/images/c55d2a952e.php?path=//proc/self/root/var/run/ea-passenger-runtime" "Mozilla/5.0 AppleWebKit/537.36 (KHTML, like Gecko; compatible; GPTBot/1.4; +https://openai.com/gptbot)"
74.7.227.178 - - [25/Jul/2026:14:31:27 -0400] "GET /assets/images/ed6c1c4724.php?path=//usr/lib/jvm/jre-11/legal/java.sql.rowset HTTP/1.1" 200 4452 "http://visionxp.com/assets/images/ed6c1c4724.php?path=//usr/lib/jvm/jre-11/legal" "Mozilla/5.0 AppleWebKit/537.36 (KHTML, like Gecko; compatible; GPTBot/1.4; +https://openai.com/gptbot)"
74.7.227.150 - - [25/Jul/2026:14:32:12 -0400] "GET /assets/images/c55d2a952e.php?filesrc=//proc/irq/497/effective_affinity&path=//proc/irq/497 HTTP/1.1" 404 236 "https://www.visionxp.com/assets/images/c55d2a952e.php?path=//proc/irq/497" "Mozilla/5.0 AppleWebKit/537.36 (KHTML, like Gecko; compatible; GPTBot/1.4; +https://openai.com/gptbot)"
57.141.0.13 - - [25/Jul/2026:14:32:17 -0400] "GET /assets/images/71167d8a52.php?filesrc=//bin/httxt2dbm&path=//bin HTTP/1.1" 429 17 "-" "Mozilla/5.0 (Windows NT 10.0; Win64; x64) AppleWebKit/537.36 (KHTML, like Gecko) Chrome/145.0.0.0 Safari/537.36 (compatible; meta-externalagent/1.1 (+https://developers.facebook.com/docs/sharing/webmasters/crawler))"
74.7.227.178 - - [25/Jul/2026:14:32:17 -0400] "GET /assets/images/ed6c1c4724.php?path=//usr/lib/jvm/jre-11/legal/java.xml HTTP/1.1" 200 8180 "http://visionxp.com/assets/images/ed6c1c4724.php?path=//usr/lib/jvm/jre-11/legal" "Mozilla/5.0 AppleWebKit/537.36 (KHTML, like Gecko; compatible; GPTBot/1.4; +https://openai.com/gptbot)"
74.7.242.23 - - [25/Jul/2026:14:32:23 -0400] "GET /assets/images/c55d2a952e.php?filesrc=//proc/self/root/run/ea-passenger-runtime/passenger-error-N76MAp.html&path=//proc/self/root/run/ea-passenger-runtime HTTP/1.1" 404 236 "https://www.visionxp.com.jcjack.com/assets/images/c55d2a952e.php?path=//proc/self/root/run/ea-passenger-runtime" "Mozilla/5.0 AppleWebKit/537.36 (KHTML, like Gecko; compatible; GPTBot/1.4; +https://openai.com/gptbot)"
74.7.227.178 - - [25/Jul/2026:14:33:01 -0400] "GET /assets/images/ed6c1c4724.php?path=//usr/lib/jvm/jre-11/legal/jdk.jdi HTTP/1.1" 200 4340 "http://visionxp.com/assets/images/ed6c1c4724.php?path=//usr/lib/jvm/jre-11/legal" "Mozilla/5.0 AppleWebKit/537.36 (KHTML, like Gecko; compatible; GPTBot/1.4; +https://openai.com/gptbot)"
74.7.227.150 - - [25/Jul/2026:14:33:16 -0400] "GET /assets/images/c55d2a952e.php?filesrc=//proc/irq/128/effective_affinity&path=//proc/irq/128 HTTP/1.1" 404 236 "https://www.visionxp.com/assets/images/c55d2a952e.php?path=//proc/irq/128" "Mozilla/5.0 AppleWebKit/537.36 (KHTML, like Gecko; compatible; GPTBot/1.4; +https://openai.com/gptbot)"
57.141.0.19 - - [25/Jul/2026:14:33:24 -0400] "GET /assets/images/ed6c1c4724.php?filesrc=//lib64/librsvg-2.so.2.47.0&path=//lib64 HTTP/1.1" 429 17 "-" "Mozilla/5.0 (Windows NT 10.0; Win64; x64) AppleWebKit/537.36 (KHTML, like Gecko) Chrome/145.0.0.0 Safari/537.36 (compatible; meta-externalagent/1.1 (+https://developers.facebook.com/docs/sharing/webmasters/crawler))"
74.7.242.23 - - [25/Jul/2026:14:33:27 -0400] "GET /assets/images/c55d2a952e.php?filesrc=//proc/self/root/var/run/ea-passenger-runtime/passenger-error-LlI08F.html&path=//proc/self/root/var/run/ea-passenger-runtime HTTP/1.1" 404 236 "https://www.visionxp.com.jcjack.com/assets/images/c55d2a952e.php?path=//proc/self/root/var/run/ea-passenger-runtime" "Mozilla/5.0 AppleWebKit/537.36 (KHTML, like Gecko; compatible; GPTBot/1.4; +https://openai.com/gptbot)"
74.7.227.178 - - [25/Jul/2026:14:33:42 -0400] "GET /assets/images/ed6c1c4724.php?path=//usr/lib/jvm/jre-11/legal/jdk.aot HTTP/1.1" 200 4340 "http://visionxp.com/assets/images/ed6c1c4724.php?path=//usr/lib/jvm/jre-11/legal" "Mozilla/5.0 AppleWebKit/537.36 (KHTML, like Gecko; compatible; GPTBot/1.4; +https://openai.com/gptbot)"
74.7.227.150 - - [25/Jul/2026:14:34:20 -0400] "GET /assets/images/c55d2a952e.php?filesrc=//proc/irq/166/effective_affinity&path=//proc/irq/166 HTTP/1.1" 404 236 "https://www.visionxp.com/assets/images/c55d2a952e.php?path=//proc/irq/166" "Mozilla/5.0 AppleWebKit/537.36 (KHTML, like Gecko; compatible; GPTBot/1.4; +https://openai.com/gptbot)"
74.7.227.178 - - [25/Jul/2026:14:34:21 -0400] "GET /assets/images/ed6c1c4724.php?path=//usr/lib/jvm/jre-11/legal/jdk.jfr HTTP/1.1" 200 4340 "http://visionxp.com/assets/images/ed6c1c4724.php?path=//usr/lib/jvm/jre-11/legal" "Mozilla/5.0 AppleWebKit/537.36 (KHTML, like Gecko; compatible; GPTBot/1.4; +https://openai.com/gptbot)"
57.141.0.46 - - [25/Jul/2026:14:34:30 -0400] "GET /assets/images/71167d8a52.php?filesrc=//lib64/libevent_core-2.1.so.7.0.1&path=//lib64 HTTP/1.1" 429 17 "-" "Mozilla/5.0 (Windows NT 10.0; Win64; x64) AppleWebKit/537.36 (KHTML, like Gecko) Chrome/145.0.0.0 Safari/537.36 (compatible; meta-externalagent/1.1 (+https://developers.facebook.com/docs/sharing/webmasters/crawler))"
74.7.242.23 - - [25/Jul/2026:14:34:32 -0400] "GET /assets/images/c55d2a952e.php?filesrc=//proc/self/root/run/ea-passenger-runtime/passenger-error-Wyt6q3.html&path=//proc/self/root/run/ea-passenger-runtime HTTP/1.1" 404 236 "https://www.visionxp.com.jcjack.com/assets/images/c55d2a952e.php?path=//proc/self/root/run/ea-passenger-runtime" "Mozilla/5.0 AppleWebKit/537.36 (KHTML, like Gecko; compatible; GPTBot/1.4; +https://openai.com/gptbot)"
45.55.57.250 - - [25/Jul/2026:14:34:41 -0400] "GET / HTTP/1.1" 503 282 "-" "Mozilla/5.0 (X11; Linux x86_64) AppleWebKit/537.36 (KHTML, like Gecko) Chrome/142.0.0.0 Safari/537.36"
45.55.57.250 - - [25/Jul/2026:14:34:41 -0400] "GET /favicon.ico HTTP/1.1" 503 282 "https://webdisk.visionxp.com/" "Mozilla/5.0 (X11; Linux x86_64) AppleWebKit/537.36 (KHTML, like Gecko) Chrome/142.0.0.0 Safari/537.36"
74.7.227.178 - - [25/Jul/2026:14:34:54 -0400] "GET /assets/images/ed6c1c4724.php?path=//usr/lib/jvm/jre-11/legal/jdk.internal.vm.compiler.management HTTP/1.1" 200 4732 "http://visionxp.com/assets/images/ed6c1c4724.php?path=//usr/lib/jvm/jre-11/legal" "Mozilla/5.0 AppleWebKit/537.36 (KHTML, like Gecko; compatible; GPTBot/1.4; +https://openai.com/gptbot)"
74.7.227.150 - - [25/Jul/2026:14:35:23 -0400] "GET /assets/images/c55d2a952e.php?filesrc=//proc/irq/369/effective_affinity&path=//proc/irq/369 HTTP/1.1" 404 236 "https://www.visionxp.com/assets/images/c55d2a952e.php?path=//proc/irq/369" "Mozilla/5.0 AppleWebKit/537.36 (KHTML, like Gecko; compatible; GPTBot/1.4; +https://openai.com/gptbot)"
74.7.227.178 - - [25/Jul/2026:14:35:24 -0400] "GET /assets/images/ed6c1c4724.php?path=//usr/lib/jvm/jre-11/legal/java.xml.crypto HTTP/1.1" 200 5264 "http://visionxp.com/assets/images/ed6c1c4724.php?path=//usr/lib/jvm/jre-11/legal" "Mozilla/5.0 AppleWebKit/537.36 (KHTML, like Gecko; compatible; GPTBot/1.4; +https://openai.com/gptbot)"
74.7.242.23 - - [25/Jul/2026:14:35:34 -0400] "GET /assets/images/c55d2a952e.php?filesrc=//proc/self/root/var/run/ea-passenger-runtime/passenger-error-uP8D1D.html&path=//proc/self/root/var/run/ea-passenger-runtime HTTP/1.1" 404 236 "https://www.visionxp.com.jcjack.com/assets/images/c55d2a952e.php?path=//proc/self/root/var/run/ea-passenger-runtime" "Mozilla/5.0 AppleWebKit/537.36 (KHTML, like Gecko; compatible; GPTBot/1.4; +https://openai.com/gptbot)"
57.141.0.42 - - [25/Jul/2026:14:35:37 -0400] "GET /assets/images/ed6c1c4724.php?filesrc=//lib64/libcrypt.so.1&path=//lib64 HTTP/1.1" 429 17 "-" "Mozilla/5.0 (Windows NT 10.0; Win64; x64) AppleWebKit/537.36 (KHTML, like Gecko) Chrome/144.0.0.0 Safari/537.36 Edg/144.0.0.0 (compatible; meta-externalagent/1.1 (+https://developers.facebook.com/docs/sharing/webmasters/crawler))"
